nvert -72bad (base 14) to base 6.
-5533021
Convert 68315 (base 10) to base 14.
1ac79
What is -3409 (base 14) in base 15?
-2a1a
-26310 (base 12) to base 8
-146074
-1a50827 (base 11) to base 2
-1101001011110100010001
1299b7a (base 12) to base 14
6bdbb0
What is -5224626 (base 7) in base 12?
-263763
Convert 2770a (base 12) to base 7.
315100
Convert -3bab5 (base 13) to base 16.
-1b448
180c8a (base 13) to base 11
381263
40510523 (base 6) to base 15
17db10
2135040 (base 8) to base 14
10c608
280c25 (base 13) to base 3
1211102212222
541752 (base 11) to base 14
187890
Convert 3012222320 (base 4) to base 8.
3065270
141077 (base 9) to base 5
10223332
11101011110001 (base 2) to base 15
470e
Convert 3b3428 (base 15) to base 6.
141000115
What is -12431122 (base 5) in base 7?
-1024155
-81263 (base 11) to base 9
-200826
What is 16395a (base 11) in base 3?
110220111001
2754727 (base 11) to base 13
ca3ca9
1000120021121 (base 3) to base 4
2010131311
What is 5029a (base 16) in base 11?
204767
175207 (base 8) to base 16
fa87
-45d6d (base 15) to base 9
-368064
-875c9 (base 13) to base 15
-4c852
-250372 (base 8) to base 16
-150fa
-829138 (base 13) to base 2
-1011101000000000011111
-418f64 (base 16) to base 9
-8067672
Convert -10424663 (base 7) to base 11.
-563163
Convert 64162 (base 10) to base 16.
faa2
Convert -bb4c4 (base 13) to base 10.
-339174
What is -56786 (base 13) in base 7?
-1223354
Convert -ba24 (base 15) to base 11.
-27677
Convert -403011121 (base 5) to base 14.
-2dcb17
Convert 6cc794 (base 14) to base 2.
1110001100110001111110
What is -12aa40 (base 12) in base 9?
-520863
6527366 (base 8) to base 15
24821b
Convert -38682 (base 12) to base 6.
-1352242
Convert 1979164 (base 10) to base 12.
7b5424
What is 353195 (base 12) in base 9?
1543615
-55c6c (base 16) to base 14
-9207a
Convert -2140035 (base 6) to base 13.
-394c7
-202223231200 (base 4) to base 6
-522512144
What is -56873 (base 10) in base 6?
-1115145
-111d27 (base 14) to base 11
-367a38
-101003230 (base 5) to base 14
-a82d4
Convert 1869516 (base 10) to base 4.
13020123030
1110010101100001101 (base 2) to base 4
1302230031
22244113 (base 5) to base 7
1446466
55210333 (base 7) to base 5
2203222041
What is -1101233 (base 6) in base 5?
-3222431
1240010421 (base 5) to base 4
23220002323
Convert -10321002313 (base 4) to base 7.
-13620166
-45686 (base 12) to base 5
-10430200
What is -14246b (base 12) in base 14?
-8a5a3
What is 2021100130 (base 4) in base 6?
20014444
What is -525012 (base 7) in base 2?
-10110000111000001
951743 (base 10) to base 16
e85bf
Convert -1123000120 (base 4) to base 15.
-756aa
What is -150711 (base 8) in base 4?
-31013021
Convert -c58650 (base 13) to base 16.
-467310
What is f64f2 (base 16) in base 8?
3662362
-46755140 (base 8) to base 12
-3506a54
-1988721 (base 10) to base 15
-2943b6
-1200211401 (base 5) to base 8
-12352344
-10340420 (base 7) to base 16
-d7c42
What is -27676036 (base 8) in base 7?
-104122002
Convert -1264306 (base 7) to base 3.
-22111100101
Convert -3294092 (base 13) to base 14.
-20b294d
What is 31301012 (base 4) in base 2?
1101110001000110
2020220221 (base 4) to base 2
10001000101000101001
What is 14b031 (base 14) in base 12?
2a97ab
-100000001000011110 (base 2) to base 10
-131614
What is 103010103 (base 4) in base 13?
29718
Convert 796241 (base 13) to base 12.
b64835
Convert 12540152 (base 8) to base 7.
32546266
What is 1374bb (base 16) in base 2?
100110111010010111011
Convert -504052 (base 6) to base 4.
-21231200
Convert -10101100000011011000 (base 2) to base 10.
-704728
What is -1110133204 (base 6) in base 2?
-101101111101110011100100
2a8829 (base 13) to base 5
232002114
140212110 (base 5) to base 2
10101101011010001000
Convert 21202012111100 (base 3) to base 15.
56511c
131102101232 (base 4) to base 9
15400822
-35010 (base 8) to base 4
-3220020
What is 9b325 (base 16) in base 4?
2123030211
What is -68511 (base 11) in base 8?
-301447
321231020 (base 4) to base 9
400202
Convert 100100100101010010011 (base 2) to base 14.
232c03
What is -25911 (base 14) in base 11?
-63408
Convert -334053251 (base 6) to base 3.
-102102111220211
-57307 (base 8) to base 10
-24263
Convert 18629 (base 13) to base 4.
23201102
What is 10111100111011100 (base 2) in base 6?
2023500
Convert -4021143 (base 6) to base 13.
-68337
What is 144484 (base 9) in base 2?
10101101000100001
Convert 581655 (base 11) to base 9.
1658152
3061c0 (base 13) to base 9
2107431
-100021221022 (base 3) to base 5
-21323213
Convert -12100102112011 (base 3) to base 7.
-33106624
What is 7825b (base 15) in base 3?
201101212212
-133353205 (base 7) to base 12
-2a92aa7
-104ba8 (base 12) to base 9
-432142
-2111322 (base 4) to base 11
-7232
21200012001 (base 3) to base 16
24dff
1a55a70 (base 11) to base 13
943455
What is 203412442 (base 5) in base 8?
3153626
Convert -16a405 (base 11) to base 5.
-31401241
Convert 5001515 (base 8) to base 16.
14034d
-4e155 (base 15) to base 4
-331003013
Convert -100101101101000010111 (base 2) to base 13.
-34346b
What is -26346 (base 8) in base 12?
-679a
-1175121 (base 9) to base 12
-26a56a
Convert -93532 (base 11) to base 12.
-66b2a
What is -3130150 (base 7) in base 3?
-201011012111
2202200110101 (base 3) to base 2
101100110111000101110
What is 1410224222 (base 6) in base 8?
101155026
2a310 (base 13) to base 15
188c7
What is 23133323033 (base 4) in base 11?
17797aa
Convert 12111330 (base 4) to base 16.
657c
What is -74bd8 (base 15) in base 16?
-5a779
13033303130 (base 4) to base 12
777478
9206 (base 16) to base 15
b122
Convert 6d08c2 (base 16) to base 4.
123100203002
1100000011001101100 (base 2) to base 12
170610
9ec0b (base 16) to base 6
21534231
What is -6269a71 (base 11) in base 12?
-3850205
65905 (base 14) to base 8
740341
What is -20212132 (base 5) in base 7?
-1250302
Convert -20a92 (base 16) to base 14.
-36a78
What is 3043042 (base 6) in base 2?
100011100110100010
What is 13334133 (base 5) in base 6?
2533145
-334430 (base 8) to base 12
-55420
Convert 4023673 (base 11) to base 3.
111101202020202
4c218 (base 16) to base 7
2436063
Convert 28a115 (base 13) to base 5.
223240411
Convert 130011010 (base 4) to base 15.
24127
-101110001101111011 (base 2) to base 3
-100121200101
Convert -2262153 (base 7) to base 3.
-112102200220
1ab153 (base 12) to base 4
1310010033
Convert -3762633 (base 8) to base 6.
-34155123
What is -1100010101000011111 (base 2) in base 15?
-7ea84
Convert 512c8 (base 15) to base 5.
31212023
Convert 100011101000110 (base 2) to base 4.
10131012
What is -2264500 (base 7) in base 16?
-45907
c6a8c8 (base 14) to base 12
22b9200
What is -23425455 (base 6) in base 15?
-e7ab5
What is -111011101011010001011 (base 2) in base 5?
-1000033332
What is 353709 (base 15) in base 14?
4a2a3d
a9c5 (base 13) to base 5
1224102
What is 101211211222201 (base 3) in base 11?
32877a8
What is 117d5 (base 15) in base 5?
3241100
Convert -22432651 (base 8) to base 11.
-2821a44
Convert -1010101112002200 (base 3) to base 6.
-1334054030
Convert -81273 (base 10) to base 14.
-21893
-1a1a49 (base 13) to base 12
-27a52b
-25d6d (base 16) to base 4
-211311231
What is -485d1 (base 15) in base 3?
-102201121221
-443404231 (base 5) to base 6
-105250021
Convert -218150 (base 10) to base 3.
-102002020122
What is 4057222 (base 8) in base 9?
2014524
-1111000011100111011 (base 2) to base 4
-1320130323
Convert -1420314 (base 7) to base 14.
-4d27b
What is -1254844 (base 10) in base 3?
-2100202022201
What is -10100101010001100001100 (base 2) in base 13?
-1178069
-911496 (base 10) to base 14
-19a26c
Convert -10100100101001100 (base 2) to base 3.
-11021122020
Convert -10120101202 (base 4) to base 2.
-100011000010001100010
Convert 71361644 (base 8) to base 2.
111001011110001110100100
-9152896 (base 10) to base 11
-5191785
Convert -91237 (base 10) to base 2.
-10110010001100101
10312220020 (base 4) to base 3
2101122022021
13f348 (base 16) to base 4
10333031020
-267334 (base 9) to base 16
-27c19
What is -1222002021002 (base 3) in base 8?
-3770560
What is 30477 (base 16) in base 9?
331233
What is baefe (base 16) in base 7?
6336226
Convert 125530 (base 9) to base 16.
129d8
Convert -b01da (base 14) to base 7.
-3411063
What is -e3d37 (base 16) in base 9?
-1672061
-40571 (base 16) to base 4
-1000111301
-6e012 (base 15) to base 9
-584448
-35